{"id":179,"date":"2015-01-05T09:36:48","date_gmt":"2015-01-05T09:36:48","guid":{"rendered":"https:\/\/horizonsud.ch\/hs\/?page_id=179"},"modified":"2019-11-06T10:53:38","modified_gmt":"2019-11-06T10:53:38","slug":"referentiel-strategie-2","status":"publish","type":"page","link":"https:\/\/horizonsud.ch\/?page_id=179","title":{"rendered":"R\u00e9f\u00e9rentiel Strat\u00e9gie"},"content":{"rendered":"<h1>R\u00e9f\u00e9rentiel Strat\u00e9gie<\/h1>\n<p style=\"color: #c20e1a;\">Cliquez sur le th\u00e8me qui vous int\u00e9resse :<\/p>\n<article class=\"section\"><a class=\"button-toggle\">La r\u00e9habilitation psychiatrique en tant que mod\u00e8le th\u00e9orique.<\/a><\/p>\n<div class=\"content-toggle-in\">\n<h2>La r\u00e9habilitation psychiatrique en tant que mod\u00e8le th\u00e9orique.<\/h2>\n<p>Dans les ann\u00e9es 80, Robert Paul Liberman travaillant au d\u00e9partement de psychiatrie de l\u2019Universit\u00e9 de Californie Los Angeles, puis dans les ann\u00e9es 90, William Anthony, Mikal Cohen, Marianne Farkas, Cheryl Gagne, du centre de r\u00e9habilitation psychiatrique de Boston se sont int\u00e9ress\u00e9s \u00e0 d\u00e9velopper, \u00e0 conceptualiser, \u00e0 exp\u00e9rimenter cette approche complexe qu\u2019est la r\u00e9habilitation psychiatrique, approche bas\u00e9e sur les th\u00e9ories de l\u2019apprentissage social.<br \/>\nAujourd\u2019hui nous ne sommes plus \u00e0 l\u2019\u00e9tape des premi\u00e8res approximations d\u2019une approche conceptuelle ; nous sommes \u00e0 l\u2019\u00e9tape du d\u00e9ploiement, dans notre contexte institutionnel, d\u2019une m\u00e9thode d\u00e9montr\u00e9e efficace, et valid\u00e9e.<\/p>\n<p>La r\u00e9habilitation psychiatrique nous a convaincus qu\u2019il est temps de sortir des impressions, des intuitions, pour entrer dans l\u2019\u00e9laboration des hypoth\u00e8ses, l\u2019\u00e9valuation des exp\u00e9riences, la collecte des donn\u00e9es, la transmission des savoirs.<\/p>\n<p>La transformation de nos connaissances sur la physiopathologie du cerveau entra\u00eene un r\u00e9am\u00e9nagement de nos interventions. L\u2019attitude \u2018\u2019pessimiste\u2019\u2019 face aux personnes touch\u00e9es par la probl\u00e9matique psychique grave et persistante fait place \u00e0 des objectifs et projets individualis\u00e9s, r\u00e9alistes, observables et mesurables.<\/p>\n<p><img loading=\"lazy\" decoding=\"async\" class=\"alignnone size-full wp-image-316\" src=\"https:\/\/horizonsud.ch\/wp-content\/uploads\/2015\/03\/illustration6.jpg\" alt=\"illustration6\" width=\"1180\" height=\"753\" srcset=\"https:\/\/horizonsud.ch\/wp-content\/uploads\/2015\/03\/illustration6.jpg 1180w, https:\/\/horizonsud.ch\/wp-content\/uploads\/2015\/03\/illustration6-300x191.jpg 300w, https:\/\/horizonsud.ch\/wp-content\/uploads\/2015\/03\/illustration6-1024x653.jpg 1024w\" sizes=\"auto, (max-width: 1180px) 100vw, 1180px\" \/><\/p>\n<p>L\u2019objectif premier n\u2019est pas la gu\u00e9rison mais l\u2019int\u00e9gration et l\u2019adaptation de la Personne aid\u00e9e dans l\u2019environnement de son choix, l\u2019\u00e9tablissement de relations interpersonnelles individuelles ou au sein des groupes, ou encore le d\u00e9veloppement de nouvelles comp\u00e9tences pour faire face \u00e0 une incapacit\u00e9. On parle d\u00e8s lors de r\u00e9habilitation psychiatrique.<\/p>\n<p><img loading=\"lazy\" decoding=\"async\" class=\"alignnone size-full wp-image-315\" src=\"https:\/\/horizonsud.ch\/wp-content\/uploads\/2015\/03\/illustration5.jpg\" alt=\"illustration5\" width=\"1180\" height=\"773\" srcset=\"https:\/\/horizonsud.ch\/wp-content\/uploads\/2015\/03\/illustration5.jpg 1180w, https:\/\/horizonsud.ch\/wp-content\/uploads\/2015\/03\/illustration5-300x196.jpg 300w, https:\/\/horizonsud.ch\/wp-content\/uploads\/2015\/03\/illustration5-1024x670.jpg 1024w\" sizes=\"auto, (max-width: 1180px) 100vw, 1180px\" \/><\/p>\n<p>R\u00e9habiliter c\u2019est \u2018\u2019r\u00e9tablir dans l\u2019estime, la consid\u00e9ration d\u2019autrui \u2019\u2019.<\/p>\n<p><img loading=\"lazy\" decoding=\"async\" class=\"alignnone size-full wp-image-317\" src=\"https:\/\/horizonsud.ch\/wp-content\/uploads\/2015\/03\/illustration7.jpg\" alt=\"illustration7\" width=\"1181\" height=\"889\" srcset=\"https:\/\/horizonsud.ch\/wp-content\/uploads\/2015\/03\/illustration7.jpg 1181w, https:\/\/horizonsud.ch\/wp-content\/uploads\/2015\/03\/illustration7-300x225.jpg 300w, https:\/\/horizonsud.ch\/wp-content\/uploads\/2015\/03\/illustration7-1024x770.jpg 1024w\" sizes=\"auto, (max-width: 1181px) 100vw, 1181px\" \/><\/p>\n<\/div>\n<\/article>\n<article class=\"section\"><a class=\"button-toggle\">La r\u00e9habilitation psychiatrique en tant que base dans le concept g\u00e9n\u00e9ral de la strat\u00e9gie.<\/a><\/p>\n<div class=\"content-toggle-in\">\n<p>Notre Fondation a opt\u00e9 pour cette orientation complexe qu\u2019est la r\u00e9habilitation psychiatrique.<\/p>\n<p>Cette derni\u00e8re consiste \u00e0 aider les personnes qui pr\u00e9sentent des sympt\u00f4mes psychotiques, atteintes d\u2019incapacit\u00e9 psychiatrique, \u00e0 am\u00e9liorer leur fonctionnement et leur satisfaction au sein des communaut\u00e9s ou environnements de leur choix ; en b\u00e9n\u00e9ficiant de l\u2019intervention aussi r\u00e9duite que possible de la part des professionnels, leur permettant ainsi de choisir, d\u2019obtenir et de garder un r\u00f4le particulier dans la communaut\u00e9.<\/p>\n<p>La finalit\u00e9 \u00e9tant de leur permettre de vivre une vie riche et pleine.<\/p>\n<\/div>\n<\/article>\n","protected":false},"excerpt":{"rendered":"<p>R\u00e9f\u00e9rentiel Strat\u00e9gie Cliquez sur le th\u00e8me qui vous int\u00e9resse : La r\u00e9habilitation psychiatrique en tant que mod\u00e8le th\u00e9orique. La r\u00e9habilitation psychiatrique en tant que mod\u00e8le th\u00e9orique. Dans les ann\u00e9es 80, Robert Paul Liberman travaillant au d\u00e9partement de psychiatrie de l\u2019Universit\u00e9 de Californie Los Angeles, puis dans les ann\u00e9es 90, William Anthony, Mikal Cohen, Marianne Farkas, [&hellip;]<\/p>\n","protected":false},"author":1,"featured_media":0,"parent":0,"menu_order":0,"comment_status":"closed","ping_status":"open","template":"","meta":{"_mi_skip_tracking":false,"footnotes":""},"class_list":["post-179","page","type-page","status-publish","hentry"],"acf":[],"_links":{"self":[{"href":"https:\/\/horizonsud.ch\/index.php?rest_route=\/wp\/v2\/pages\/179","targetHints":{"allow":["GET"]}}],"collection":[{"href":"https:\/\/horizonsud.ch\/index.php?rest_route=\/wp\/v2\/pages"}],"about":[{"href":"https:\/\/horizonsud.ch\/index.php?rest_route=\/wp\/v2\/types\/page"}],"author":[{"embeddable":true,"href":"https:\/\/horizonsud.ch\/index.php?rest_route=\/wp\/v2\/users\/1"}],"replies":[{"embeddable":true,"href":"https:\/\/horizonsud.ch\/index.php?rest_route=%2Fwp%2Fv2%2Fcomments&post=179"}],"version-history":[{"count":14,"href":"https:\/\/horizonsud.ch\/index.php?rest_route=\/wp\/v2\/pages\/179\/revisions"}],"predecessor-version":[{"id":1386,"href":"https:\/\/horizonsud.ch\/index.php?rest_route=\/wp\/v2\/pages\/179\/revisions\/1386"}],"wp:attachment":[{"href":"https:\/\/horizonsud.ch\/index.php?rest_route=%2Fwp%2Fv2%2Fmedia&parent=179"}],"curies":[{"name":"wp","href":"https:\/\/api.w.org\/{rel}","templated":true}]}}