{"id":1576,"date":"2024-07-22T08:40:31","date_gmt":"2024-07-22T08:40:31","guid":{"rendered":"https:\/\/horizonsud.ch\/?page_id=1576"},"modified":"2026-04-28T21:52:18","modified_gmt":"2026-04-28T21:52:18","slug":"prestations-aux-entreprises-et-aux-particuliers","status":"publish","type":"page","link":"https:\/\/horizonsud.ch\/?page_id=1576","title":{"rendered":"Prestations aux entreprises et aux particuliers"},"content":{"rendered":"<h1>Prestations aux entreprises et aux particuliers<\/h1>\n<p>Notre \u00e9quipe exp\u00e9riment\u00e9e et nos ateliers bien \u00e9quip\u00e9s nous permettent de r\u00e9pondre aux besoins des PME, des particuliers et des clients industriels de la r\u00e9gion. Nous proposons des solutions sur mesure pour chaque projet, une qualit\u00e9 \u00e9lev\u00e9e de r\u00e9alisation et, le tout, dans le cadre du d\u00e9lai convenu.<\/p>\n<p style=\"color: #c20e1a;\">Cliquez sur le th\u00e8me qui vous int\u00e9resse :<\/p>\n<article class=\"section\"><a class=\"button-toggle\">Menuiserie<\/a><\/p>\n<div class=\"content-toggle-in\">\n<p>Nous offrons nos services aux PME de la r\u00e9gion, pour des travaux de s\u00e9rie r\u00e9alis\u00e9s dans nos ateliers, ainsi qu\u2019aux particuliers pour la r\u00e9novation de meubles ou de produits issus de la cr\u00e9ativit\u00e9 et du savoir-faire de nos b\u00e9n\u00e9ficiaires.<\/p>\n<p>Nous accueillons 50 personnes qui sont accompagn\u00e9es par 7 ma\u00eetres socioprofessionnels.<\/p>\n<div class=\"custom-row\">\n<div class=\"col-12 col-lg-8\">\n<h3>Nos prestations :<\/h3>\n<ul>\n<li>Machinage de meubles de cuisine<\/li>\n<li>Machinage de galeries \u00e0 rideaux<\/li>\n<li>Machinage de tablettes de fen\u00eatres<\/li>\n<li>Machinage de portes<\/li>\n<li>Machinage \u00e0 la CNC<\/li>\n<li>Calibrage de panneaux \u00e0 la CNC<\/li>\n<li>Finition vernis (nouveau local)<\/li>\n<li>Gravage laser<\/li>\n<li>Sculpture sur bois<\/li>\n<li>Confection de cadeaux d\u2019entreprises \/ de manifestations<\/li>\n<li>Claies \u00e0 fourrage<\/li>\n<li>Mobilier urbain (bancs)<\/li>\n<\/ul>\n<h3>Nos \u00e9quipements sp\u00e9cifiques<\/h3>\n<ul>\n<li>Encolleuse de chants<\/li>\n<li>Usinage CNC 5 axes et 3 axes<\/li>\n<li>Graveuse laser<\/li>\n<\/ul>\n<h3>Contact :<\/h3>\n<p>Jean-No\u00ebl Monney<br \/>\n026 916 2170<br \/>\ninfo@horizonsud.ch<\/p>\n<\/div>\n<div class=\"col-12 col-lg-4\"><a href=\"https:\/\/horizonsud.ch\/wp-content\/uploads\/2024\/08\/1-Prestations-entreprise-menuiserie.jpg\" data-rel=\"lightbox-image-0\" data-rl_title=\"\" data-rl_caption=\"\" title=\"\"><img decoding=\"async\" class=\"size-full wp-image-1582 alignleft\" src=\"https:\/\/horizonsud.ch\/wp-content\/uploads\/2024\/08\/1-Prestations-entreprise-menuiserie.jpg\" alt=\"\" \/><\/a><\/div>\n<\/div>\n<\/div>\n<\/article>\n<article class=\"section\"><a class=\"button-toggle\">Entretien des espaces verts<\/a><\/p>\n<div class=\"content-toggle-in\">\n<p>Notre \u00e9quipe de paysagistes passionn\u00e9s met tout son savoir-faire \u00e0 votre service pour entretenir vos espaces verts avec soin et professionnalisme. Nous offrons des prestations adapt\u00e9es et personnalis\u00e9es aux entreprises et particuliers de la r\u00e9gion de Bulle, en garantissant des r\u00e9sultats impeccables et dans les d\u00e9lais.<\/p>\n<p>Nous accueillons 7 personnes qui sont accompagn\u00e9es par un ma\u00eetre socioprofessionnel.<\/p>\n<div class=\"custom-row\">\n<div class=\"col-12 col-lg-8\">\n<h3>Nos prestations :<\/h3>\n<ul>\n<li>Tonte<\/li>\n<li>Taille des haies, arbres et arbustes<\/li>\n<li>Petits am\u00e9nagements<\/li>\n<li>Entretiens r\u00e9guliers de propri\u00e9t\u00e9s<\/li>\n<\/ul>\n<h3>Contact :<\/h3>\n<p>Jean-No\u00ebl Monney<br \/>\n026 916 2170<br \/>\ninfo@horizonsud.ch<\/p>\n<\/div>\n<div class=\"col-12 col-lg-4\"><a href=\"https:\/\/horizonsud.ch\/wp-content\/uploads\/2024\/08\/2-Prestations-entreprises-espace-vert.jpg\" data-rel=\"lightbox-image-1\" data-rl_title=\"\" data-rl_caption=\"\" title=\"\"><img decoding=\"async\" class=\"alignleft wp-image-1590 size-full\" src=\"https:\/\/horizonsud.ch\/wp-content\/uploads\/2024\/08\/2-Prestations-entreprises-espace-vert.jpg\" alt=\"\" \/><\/a><\/div>\n<\/div>\n<\/div>\n<\/article>\n<article class=\"section\"><a class=\"button-toggle\">Prestations industrielles<\/a><\/p>\n<div class=\"content-toggle-in\">\n<p>Notre \u00e9quipe d\u00e9vou\u00e9e excelle dans la r\u00e9alisation de travaux de conditionnement et de mailing, garantissant un service pr\u00e9cis, soign\u00e9, et respectueux des d\u00e9lais. Que ce soit pour des projets dans les domaines horloger, alimentaire, industriel, pharmaceutique ou marketing, nous nous engageons \u00e0 offrir une qualit\u00e9 irr\u00e9prochable \u00e0 chaque \u00e9tape du processus.<\/p>\n<p>Nous accueillons 50 personnes qui sont accompagn\u00e9es par 5 ma\u00eetres socioprofessionnels.<\/p>\n<div class=\"custom-row\">\n<div class=\"col-12 col-lg-8\">\n<h3>Nos prestations :<\/h3>\n<ul>\n<li>Gestion des mailings<\/li>\n<li>Mise sous pli et envoi postaux<\/li>\n<li>Mise en forme d\u2019\u00e9tuis<\/li>\n<li>Assemblages coll\u00e9s<\/li>\n<li>Petits montages<\/li>\n<li>Contr\u00f4le qualit\u00e9<\/li>\n<li>Conditionnements<\/li>\n<li>Cadeaux d\u2019entreprises<\/li>\n<\/ul>\n<h3>Contact :<\/h3>\n<p>Yannick Maradan<br \/>\n026 916 2180<br \/>\ninfo@horizonsud.ch<\/p>\n<\/div>\n<div class=\"col-12 col-lg-4\"><a href=\"https:\/\/horizonsud.ch\/wp-content\/uploads\/2024\/08\/3-Prestations-entreprise-Prestations-industrielles.jpg\" data-rel=\"lightbox-image-2\" data-rl_title=\"\" data-rl_caption=\"\" title=\"\"><img decoding=\"async\" class=\"alignleft wp-image-1592 size-full\" src=\"https:\/\/horizonsud.ch\/wp-content\/uploads\/2024\/08\/3-Prestations-entreprise-Prestations-industrielles.jpg\" \/><\/a><\/div>\n<\/div>\n<\/div>\n<\/article>\n<article class=\"section\"><a class=\"button-toggle\">Artisanat<\/a><\/p>\n<div class=\"content-toggle-in\">\n<p>C\u2019est une \u00e9quipe bouillonnante d\u2019id\u00e9es et de comp\u00e9tences que vous trouverez dans nos ateliers d\u2019artisanat. Chaque pi\u00e8ce est unique, mais nous r\u00e9alisons tout de m\u00eame des petites s\u00e9ries pour les cadeaux d\u2019entreprises, pour des mariages, bapt\u00eames, d\u00e9coration de r\u00e9ceptions ou magasins.<\/p>\n<p>Nous r\u00e9alisons une tr\u00e8s grande partie de nos articles \u00e0 base de mat\u00e9riaux recycl\u00e9s.<\/p>\n<p>Nous accueillons 60 personnes qui sont accompagn\u00e9es par 8 ma\u00eetres socioprofessionnels.<\/p>\n<div class=\"custom-row\">\n<div class=\"col-12 col-lg-8\">\n<h3>Nos prestations :<\/h3>\n<ul>\n<li>Confection de papier artisanal<\/li>\n<li>Confection de cartes<\/li>\n<li>Couture<\/li>\n<li>Tissage<\/li>\n<li>Travail du verre<\/li>\n<li>Travail du bois<\/li>\n<\/ul>\n<h3>Contact :<\/h3>\n<p>Alain Mabillard<br \/>\n026 916 2160<br \/>\ninfo@horizonsud.ch<\/p>\n<\/div>\n<div class=\"col-12 col-lg-4\"><a href=\"https:\/\/horizonsud.ch\/wp-content\/uploads\/2024\/08\/4-Prestations-entreprises-Artisanat.jpg\" data-rel=\"lightbox-image-3\" data-rl_title=\"\" data-rl_caption=\"\" title=\"\"><img decoding=\"async\" class=\"alignleft wp-image-1593 size-full\" src=\"https:\/\/horizonsud.ch\/wp-content\/uploads\/2024\/08\/4-Prestations-entreprises-Artisanat.jpg\" alt=\"\" \/><\/a><\/div>\n<\/div>\n<\/div>\n<\/article>\n<article class=\"section\"><a class=\"button-toggle\">Boutique ATELIERS CHALAMALA<\/a><\/p>\n<div class=\"content-toggle-in\">\n<p>Notre boutique situ\u00e9e \u00e0 la Rue de Vevey 179 \u00e0 Bulle vous permet d\u2019acqu\u00e9rir un de nos objets pour vos occasions sp\u00e9ciales. Nous disposons d\u2019une jolie gamme d\u2019objets d\u2019artisanat local, de pi\u00e8ces uniques et originales.<\/p>\n<div class=\"custom-row\">\n<div class=\"col-12 col-lg-8\">\n<h3>Contact :<\/h3>\n<p>Alain Mabillard<br \/>\n026 916 2160<br \/>\ninfo@ateliers-chalamala.ch<br \/>\n<a href=\"https:\/\/ateliers-chalamala.ch\/\" target=\"_blank\" rel=\"noopener noreferrer\">www.ateliers-chalamala.ch<\/a><\/p>\n<\/div>\n<div class=\"col-12 col-lg-4\"><a href=\"https:\/\/horizonsud.ch\/wp-content\/uploads\/2024\/08\/5-Prestations-entreprises-Ateliers-Chalamala.jpg\" data-rel=\"lightbox-image-4\" data-rl_title=\"\" data-rl_caption=\"\" title=\"\"><img decoding=\"async\" class=\"alignleft wp-image-1596 size-full\" src=\"https:\/\/horizonsud.ch\/wp-content\/uploads\/2024\/08\/5-Prestations-entreprises-Ateliers-Chalamala.jpg\" alt=\"\" \/><\/a><\/div>\n<\/div>\n<\/div>\n<\/article>\n<article class=\"section\"><a class=\"button-toggle\">Transport &amp; logistique<\/a><\/p>\n<div class=\"content-toggle-in\">\n<p>Notre \u00e9quipe de chauffeurs exp\u00e9riment\u00e9s est \u00e0 votre service pour assurer un transport rapide et s\u00e9curis\u00e9 de vos marchandises. Que ce soit pour chercher, livrer ou d\u00e9placer des palettes n\u00e9cessaires \u00e0 vos op\u00e9rations, nous garantissons un service fiable et efficace.<\/p>\n<p>Avec un grand local de stockage, nous sommes \u00e9galement en mesure de g\u00e9rer le flux des palettes et de superviser l\u2019inventaire des marchandises pour une gestion optimale de votre logistique.<\/p>\n<p>Nous accueillons 12 personnes qui sont accompagn\u00e9es par un ma\u00eetre socioprofessionnel.<\/p>\n<div class=\"custom-row\">\n<div class=\"col-12 col-lg-8\">\n<h3>Nos prestations :<\/h3>\n<ul>\n<li>R\u00e9ception et contr\u00f4le de marchandises<\/li>\n<li>Identification et \u00e9tiquetage des palettes<\/li>\n<li>Inventaire de la marchandise<\/li>\n<li>Prise en charge et livraison de mat\u00e9riel pour nos clients<\/li>\n<\/ul>\n<h3>Contact :<\/h3>\n<p>Yannick Maradan<br \/>\n026 916 2180<br \/>\ninfo@horizonsud.ch<\/p>\n<\/div>\n<div class=\"col-12 col-lg-4\"><a href=\"https:\/\/horizonsud.ch\/wp-content\/uploads\/2024\/08\/6-Prestations-entreprises-logistique.jpg\" data-rel=\"lightbox-image-5\" data-rl_title=\"\" data-rl_caption=\"\" title=\"\"><img decoding=\"async\" class=\"alignleft wp-image-1598 size-full\" src=\"https:\/\/horizonsud.ch\/wp-content\/uploads\/2024\/08\/6-Prestations-entreprises-logistique.jpg\" alt=\"\" \/><\/a><\/div>\n<\/div>\n<\/div>\n<\/article>\n<article class=\"section\"><a class=\"button-toggle\">Atelier Gourmand<\/a><\/p>\n<div class=\"content-toggle-in\">\n<p>L\u2019atelier gourmand confectionne principalement des biscuits mais aussi divers produits de boulangerie et d\u2019autres produits alimentaires.Nous accueillons 5 \u00e0 10 personnes qui sont accompagn\u00e9es par un ma\u00eetre socioprofessionnel.<\/p>\n<p><span style=\"color: #ff0000;\">(<a style=\"color: #ff0000;\" href=\"https:\/\/horizonsud.ch\/wp-content\/uploads\/2026\/04\/liste_revendeurs_gourmand_28_04_2026.pdf\" target=\"_blank\" rel=\"noopener noreferrer\">Liste de revendeurs de notre Atelier Gourmand<\/a>)<\/span><\/p>\n<div class=\"custom-row\">\n<div class=\"col-12 col-lg-8\">\n<h3>Nos prestations :<\/h3>\n<ul>\n<li>Biscuits<\/li>\n<li>Sandwichs<\/li>\n<li>Pains<\/li>\n<li>Tout type de produits de boulangerie<\/li>\n<li>Moutardes de b\u00e9nichon et confitures<\/li>\n<li>Cadeaux d\u2019entreprises<\/li>\n<\/ul>\n<h3>Nos produits phare :<\/h3>\n<ul>\n<li>Croquets (certifi\u00e9s FRIBOURG regio garantie)<\/li>\n<li>Pains d&rsquo;anis (certifi\u00e9s FRIBOURG regio garantie)<\/li>\n<li>Bricelets<\/li>\n<li>Biscuits noisette<\/li>\n<li>Biscuits vin-cuit (certifi\u00e9s FRIBOURG regio garantie)<\/li>\n<li>Biscuits Milan (certifi\u00e9 FRIBOURG regio garantie)<\/li>\n<li>Fl\u00fbtes sel<\/li>\n<li>Fl\u00fbtes cam\u00e9line<\/li>\n<li>Sabl\u00e9 Gruy\u00e8res (certifi\u00e9s FRIBOURG regio garantie)<\/li>\n<li>Croc Ap\u00e9ro<\/li>\n<li>Cuchaule AOP<\/li>\n<li>Moutarde de B\u00e9nichon<\/li>\n<li>Confiture de lait<\/li>\n<li>Pains mi- blanc levain<\/li>\n<li>Pains bis levain<\/li>\n<li>Pains 10 c\u00e9r\u00e9ales et graines levain<\/li>\n<li>Tresses au Beurre (certifi\u00e9s FRIBOURG regio garantie)<\/li>\n<li>Baguettes<\/li>\n<li>Sandwichs sur commande<\/li>\n<li>Produits en collaboration avec la chocolaterie L\u2019Origine<\/li>\n<li>Sabl\u00e9 de No\u00ebl<\/li>\n<li>Florentin<\/li>\n<\/ul>\n<h3>Contact :<\/h3>\n<p>Olivier Schmutz<br \/>\n026 916 2196<br \/>\natelier.gourmand@horizonsud.ch<\/p>\n<\/div>\n<div class=\"col-12 col-lg-4\"><a href=\"https:\/\/horizonsud.ch\/wp-content\/uploads\/2025\/01\/photos-pour-clients.jpg\" data-rel=\"lightbox-image-6\" data-rl_title=\"\" data-rl_caption=\"\" title=\"\"><img decoding=\"async\" class=\"alignleft wp-image-1598 size-full\" style=\"margin-bottom: 10px;\" src=\"https:\/\/horizonsud.ch\/wp-content\/uploads\/2025\/01\/photos-pour-clients.jpg\" alt=\"\" \/><\/a><br \/>\n<a href=\"https:\/\/horizonsud.ch\/wp-content\/uploads\/2025\/01\/photo-pour-le-job-employe\u0301.jpg\" data-rel=\"lightbox-image-7\" data-rl_title=\"\" data-rl_caption=\"\" title=\"\"><img decoding=\"async\" class=\"alignleft wp-image-1598 size-full\" style=\"margin-bottom: 10px;\" src=\"https:\/\/horizonsud.ch\/wp-content\/uploads\/2025\/01\/photo-pour-le-job-employe\u0301.jpg\" alt=\"\" \/><\/a><br \/>\n<img decoding=\"async\" class=\"alignleft wp-image-1598 size-full\" src=\"https:\/\/horizonsud.ch\/wp-content\/uploads\/2025\/11\/Logo-Fribourg-re\u0301gio-Garantie.png\" alt=\"\" \/><\/div>\n<\/div>\n<\/div>\n<\/article>\n","protected":false},"excerpt":{"rendered":"<p>Prestations aux entreprises et aux particuliers Notre \u00e9quipe exp\u00e9riment\u00e9e et nos ateliers bien \u00e9quip\u00e9s nous permettent de r\u00e9pondre aux besoins des PME, des particuliers et des clients industriels de la r\u00e9gion. Nous proposons des solutions sur mesure pour chaque projet, une qualit\u00e9 \u00e9lev\u00e9e de r\u00e9alisation et, le tout, dans le cadre du d\u00e9lai convenu. Cliquez [&hellip;]<\/p>\n","protected":false},"author":1,"featured_media":0,"parent":0,"menu_order":0,"comment_status":"closed","ping_status":"closed","template":"","meta":{"_mi_skip_tracking":false,"footnotes":""},"class_list":["post-1576","page","type-page","status-publish","hentry"],"acf":[],"_links":{"self":[{"href":"https:\/\/horizonsud.ch\/index.php?rest_route=\/wp\/v2\/pages\/1576","targetHints":{"allow":["GET"]}}],"collection":[{"href":"https:\/\/horizonsud.ch\/index.php?rest_route=\/wp\/v2\/pages"}],"about":[{"href":"https:\/\/horizonsud.ch\/index.php?rest_route=\/wp\/v2\/types\/page"}],"author":[{"embeddable":true,"href":"https:\/\/horizonsud.ch\/index.php?rest_route=\/wp\/v2\/users\/1"}],"replies":[{"embeddable":true,"href":"https:\/\/horizonsud.ch\/index.php?rest_route=%2Fwp%2Fv2%2Fcomments&post=1576"}],"version-history":[{"count":44,"href":"https:\/\/horizonsud.ch\/index.php?rest_route=\/wp\/v2\/pages\/1576\/revisions"}],"predecessor-version":[{"id":1751,"href":"https:\/\/horizonsud.ch\/index.php?rest_route=\/wp\/v2\/pages\/1576\/revisions\/1751"}],"wp:attachment":[{"href":"https:\/\/horizonsud.ch\/index.php?rest_route=%2Fwp%2Fv2%2Fmedia&parent=1576"}],"curies":[{"name":"wp","href":"https:\/\/api.w.org\/{rel}","templated":true}]}}